x + 3, 3*m - d*x = -3*x + 34. What is the highest common divisor of m and 91?
13
Let r(f) = f + 2*f**2 + f**2 - 4*f**2. Let k be r(0). Let b(i) = -i**3 + i + 18. Let s be b(k). What is the greatest common factor of s and 9?
9
Let v = -134 - -471. Let z = v + -194. What is the greatest common divisor of z and 13?
13
Let r be ((-36)/14)/(9/(-84)). Calculate the highest common divisor of r and 12.
12
Let a be (-1)/4 + 981/(-12). Let v be (0 + -2)/2 - a. What is the highest common factor of 9 and v?
9
Suppose -4*q = -61 - 11. Let n(j) = -4*j. Let y be n(-3). Calculate the highest common factor of q and y.
6
Let x = 6 - 4. Let z = x + 0. Suppose -z*h = h - 210. Calculate the highest common divisor of h and 10.
10
Suppose 4*l = 2*i - 126, -3*i = i - l - 231. Let c = 15 + i. What is the highest common factor of 9 and c?
9
Let j be (-198)/(-5) + ((-48)/(-30))/4. Suppose 27 = -r + 4*r + l, 4*l - 12 = 0. Calculate the greatest common divisor of j and r.
8
Suppose 192 = -5*r + 687. Let l(a) = -a**2 - 4. Let f be l(0). Let n = 15 + f. What is the highest common divisor of r and n?
11
Let m(b) = 2*b + 9 + 0*b + b. Let w(i) = -10*i - 27. Let o(l) = 7*m(l) + 2*w(l). Let h be o(0). What is the greatest common factor of h and 99?
9
Let c(v) = -8*v**2 - 6*v - 1. Let n be c(-4). Let h = -45 - n. Let r be (h/14)/(1/7). What is the greatest common factor of r and 20?
10
Suppose -21 = -f - 5. Suppose z - 20 = 5*a, -5*z + 4*a + 22 = 6. Suppose -2*l = -z*l - f. What is the greatest common factor of l and 72?
8
Let w(s) be the second derivative of s**5/20 + s**4/4 + s**3/6 + s**2/2 - 10*s. Let l be w(-2). Calculate the greatest common divisor of 27 and l.
3
Let k(c) = 1 - 3*c - 2 + c**2 + 8*c + 6. Let p be k(-6). What is the highest common divisor of 44 and p?
11
Let g = 75 - 27. What is the greatest common divisor of 6 and g?
6
Let d = 22 - -10. What is the highest common factor of d and 4?
4
Let p(f) = -f**2 - 3*f + 1. Let i be p(-2). Let m = 1 + i. Suppose -13 = -h - 5*t, -3*t = -4*h + 2*t + 27. What is the highest common factor of h and m?
4
Let g be ((15/(-9))/(-5))/((-1)/(-132)). Calculate the highest common factor of 22 and g.
22
Suppose 0 = q + 5*x + 5, 0*q - 5*q + 4*x = -91. Calculate the greatest common factor of q and 30.
15
Let i be (712/22)/2 - 2/11. What is the highest common divisor of 144 and i?
16
Suppose 43 = 5*q + 3*f, q + 2*f + 30 = 5*q. What is the greatest common factor of 8 and q?
8
Suppose -32 = -4*l - 2*s - 2*s, 4*l + 3*s - 32 = 0. Let c be 40/6 - l/12. Calculate the highest common factor of 66 and c.
6
Suppose -5*r - c + 1430 = 0, -5*c - 1037 = -4*r + 107. Calculate the greatest common factor of 26 and r.
26
Let o = 20 + -17. Calculate the highest common divisor of o and 27.
3
Let x(p) = 5*p - 1. Let z be x(3). Calculate the highest common divisor of z and 14.
14
Suppose 4*r = r + 288. Let j be 1/(-4) + 49/4. What is the highest common factor of j and r?
12
Let h = -26 + 28. Calculate the highest common divisor of 1 and h.
1
Let s = 28 - -71. Let n be -2 - ((-1 - -1) + -3). Suppose 7 = f + 3*b - 7, -b = -n. What is the highest common divisor of s and f?
11
Let q be ((-10)/(-25))/(4/540). What is the greatest common divisor of 18 and q?
18
Let m(g) = g**2 - g + 3. Let a be m(4). What is the highest common divisor of a and 5?
5
Suppose 5*y + 4*k = 352, -k = -5*y + 3*y + 146. Calculate the greatest common divisor of y and 9.
9
Let b(q) = 7*q - 14. Let s be b(11). What is the greatest common divisor of s and 9?
9
Suppose 0 = j - 5*s, s - 1 = 1. Suppose 0 = k + k - j. Suppose -4*v = -4*b - 12, 0 = -2*v + k*v - b - 11. Calculate the highest common divisor of 44 and v.
4
Let w = 57 + 15. Let p = 3 - -5. What is the greatest common divisor of p and w?
8
Let q be 9/((-36)/(-8)) - -162. Suppose -2*z - 183 = -47. Let o = z + q. What is the highest common divisor of o and 12?
12
Let n be ((-54)/8)/(9/(-120)). What is the highest common divisor of n and 15?
15
Let v(b) = b**3 + b**2 - 8*b - 2. Let w be v(-3). What is the highest common divisor of w and 6?
2
Let b(k) be the second derivative of k**4/12 + 7*k**3/6 + 4*k**2 - 2*k. Let p be b(-8). Calculate the greatest common divisor of p and 40.
8
Let m be -2 + 1 - (-9)/3. Suppose m*v = 0, v = 4*f - 9*f + 30. Calculate the highest common factor of f and 6.
6
Suppose 4*k - 15 = 3*k. What is the greatest common divisor of 15 and k?
15
Suppose 0 = 4*v - 3*y - 12, 0*v - 3*v + 5*y = -9. Let q = 5 + 3. Suppose -5*a - 2 = 3*c, 4*a = 2*a - q. What is the greatest common divisor of c and v?
3
Let d = 5 + -4. Suppose -3*b = -2*b - 2. What is the highest common divisor of d and b?
1
Let k be ((-16)/(-56))/(3/63). Suppose -6 = 5*i - k*i. Calculate the greatest common divisor of i and 4.
2
Suppose -10*d + 350 = -3*d. Calculate the greatest common factor of 10 and d.
10
Let l = -101 - -134. Calculate the highest common divisor of 3 and l.
3
Let s be 966/8 - (102/8)/17. Calculate the highest common divisor of 30 and s.
30
Suppose 4*v + 8 = k, 2 + 2 = 2*k + 4*v. Suppose 2*a + 48 = k*a. Calculate the highest common divisor of 16 and a.
8
Let p = -7 - -13. Let o be (-18)/(-5) + 4/10. Calculate the highest common factor of o and p.
2
Let k be (-30)/4*36/(-10). What is the greatest common divisor of k and 135?
27
Let s = 10 - 5. Let u = -2 + s. Suppose u*f - 30 = -4*i, -f + 21 = 5*i - 0. What is the highest common factor of 12 and f?
6
Let p = -34 - -82. Suppose -3*r = r - 156. Let j = r - 23. What is the greatest common factor of p and j?
16
Let i = 9 - 7. Suppose -53 = -3*x + 2*t, -i*t + 45 = 5*x - 70. Let r = -11 - -18. Calculate the highest common factor of x and r.
7
Let k = -41 - -96. Calculate the greatest common factor of k and 5.
5
Let d(i) = -i. Let k be d(-4). Suppose 2*g + 0*g - k = 0. Suppose 0 = -0*a + g*a - 24. Calculate the highest common divisor of 132 and a.
12
Let y(i) = -3*i - 8. Let r(x) = 3*x + 8. Let z(c) = 4*r(c) + 5*y(c). Let t be z(-6). Calculate the greatest common factor of t and 10.
10
Let x = -62 + 223. Calculate the highest common factor of x and 7.
7
Let b be 2 + 1 + -2 - -32. Let v be (4/(-6))/(2/(-9)). Suppose -3*w = -v*s - 18, -3*w + 11 = -5*s + 3. What is the greatest common factor of b and w?
11
Let m = 7 + -7. Suppose 2*s - 29 + 3 = m. Let d be ((-9)/(-6) - 2)*-52. Calculate the highest common divisor of s and d.
13
Let i be 27/(-3) + -1 + 1. Let f = -6 - i. Calculate the greatest common factor of 6 and f.
3
Let n = 69 - 6. Let q be (-1)/(-2)*(-20)/5 - -9. Calculate the highest common factor of q and n.
7
Let k be ((-9)/(90/(-4)))/((-3)/(-180)). Calculate the highest common divisor of k and 3.
3
Let o = -39 + 111. What is the highest common factor of 48 and o?
24
Suppose 4*u + t = 1225, -3*t - 304 = -u - t. What is the highest common divisor of u and 34?
34
Suppose 4*r + 60 = a, -7*a + 4*a + 2*r = -150. What is the greatest common divisor of a and 6?
6
Let a(q) = q**3 + q**2 - q + 72. Let m be a(0). What is the greatest common factor of m and 9?
9
Let w be 21/(-6)*2*-2. Suppose r + r = w. Suppose 3*c - r*c + 572 = 0. What is the highest common divisor of c and 13?
13
Let p(z) = -z + 9. Let i be p(5). What is the greatest common divisor of i and 4?
4
Suppose -2*w - 8 = -18. Suppose 0 = l + 4*y - 137, w*l - 491 = l + 3*y. What is the highest common divisor of l and 25?
25
Let y be -1 - (9/(-1) - 0). Let j = -167 - -171. What is the greatest common factor of j and y?
4
Suppose -7*p + 174 + 29 = 0. What is the greatest common factor of 203 and p?
29
Suppose -3*u - 3*z = -72, -2*u + 63 - 13 = z. Calculate the highest common divisor of u and 13.
13
Suppose -10*i = -4*i - 54. Let j be 40/(-3)*-6 - -1. What is the highest common factor of i and j?
9
Suppose 6*c - 3*c + 50 = 2*k, 5*k - 104 = -3*c. Calculate the greatest common divisor of 88 and k.
22
Let a(t) = 4 + 10*t - 32*t - 4. Let y be a(-8). What is the greatest common divisor of 22 and y?
22
Let i = 9 - -12. Let x = i - 7. Calculate the highest common divisor of 42 and x.
14
Suppose 15 = -3*x, 0 = -i + 2*x - 0*x + 21. Calculate the greatest common divisor of i and 11.
11
Let j(p) = p**2 - 6*p. Let s be j(6). Suppose s = 2*k + k - 36. Calculate the greatest common divisor of k and 96.
12
Suppose h - 3*v - 16 = 0, 83 = -2*h + 2*v + 135. S